site?
False
Is 2460890141 prime?
True
Is 344901187 a prime number?
True
Is 127759960771 a composite number?
False
Is 372471303 a prime number?
False
Is 23648415839 a prime number?
False
Is 135800171 a prime number?
False
Is 812822021 a prime number?
False
Is 32633864959 prime?
False
Is 4767617209 a composite number?
False
Is 3903810643 prime?
True
Is 52744767535 a composite number?
True
Is 166291853851 a composite number?
False
Is 20204064533 a composite number?
False
Is 1768817801 composite?
False
Is 479120987 composite?
False
Is 10904035551 a composite number?
True
Is 112613089 prime?
False
Is 55672463657 prime?
True
Is 33319674131 a prime number?
False
Is 79252680709 a prime number?
False
Is 3005893073 composite?
False
Is 126078247 a prime number?
True
Is 89114983 a composite number?
False
Is 9911741933 a prime number?
False
Is 23882533981 a prime number?
False
Is 106164582301 prime?
True
Is 2750019211 prime?
True
Is 12271439371 composite?
True
Is 18042517811 a composite number?
False
Is 6601013983 composite?
False
Is 1425356549 a composite number?
False
Is 2048470271 a prime number?
True
Is 14925818129 composite?
True
Is 2057528591 composite?
True
Is 519722087 composite?
False
Is 50120176049 prime?
True
Is 21509668661 a prime number?
False
Is 337752389 a composite number?
True
Is 587263931 a prime number?
True
Is 5188756043 prime?
True
Is 612440789 composite?
False
Is 22675221847 composite?
True
Is 135474497489 a composite number?
True
Is 180591822899 a composite number?
False
Is 8171009131 prime?
True
Is 4757263283 a prime number?
True
Is 817528097 a prime number?
True
Is 46749451981 composite?
True
Is 3625202741 composite?
False
Is 160481219 composite?
False
Is 21468771829 composite?
False
Is 3268696731 a composite number?
True
Is 42407836043 a prime number?
False
Is 844264541 a prime number?
True
Is 34173954961 a prime number?
False
Is 263111041 a composite number?
False
Is 2265911695 composite?
True
Is 13278926567 a prime number?
True
Is 5371403327 prime?
True
Is 80395355743 composite?
True
Is 6443960351 a composite number?
True
Is 2304996611 a prime number?
False
Is 14726352593 a composite number?
True
Is 12013256309 composite?
False
Is 1580847343 composite?
False
Is 36101503853 prime?
True
Is 8371337479 a composite number?
False
Is 8058026063 a composite number?
False
Is 1318662293 a prime number?
False
Is 23930761 a prime number?
True
Is 4879258061 a prime number?
True
Is 1126717339 a prime number?
False
Is 4483979167 prime?
True
Is 29524197391 a prime number?
False
Is 2108596859 prime?
False
Is 6377433493 prime?
False
Is 1214543909 a composite number?
False
Is 2879565127 a prime number?
False
Is 66493797527 a prime number?
False
Is 111858853 a prime number?
True
Is 1135350877 a composite number?
True
Is 1196264777 a prime number?
True
Is 150487666337 composite?
True
Is 217440089 composite?
True
Is 2600483989 prime?
True
Is 3352980129 a prime number?
False
Is 26000338027 a composite number?
False
Is 300675523 a composite number?
True
Is 1200422627 prime?
False
Is 35842861499 a composite number?
True
Is 30103424173 prime?
True
Is 2934555241 prime?
False
Is 47788919371 a prime number?
True
Is 703478311 a composite number?
False
Is 5210804363 prime?
True
Is 8314216579 a prime number?
True
Is 13447641223 composite?
True
Is 918533867 prime?
True
Is 1118338759 a composite number?
True
Is 5737922207 prime?
True
Is 11361733313 prime?
False
Is 51428849 a prime number?
False
Is 536849891 a prime number?
True
Is 4339753987 a prime number?
True
Is 157086278221 a composite number?
True
Is 55006118319 a composite number?
True
Is 13336002227 a prime number?
False
Is 4838782439 a prime number?
True
Is 325174243 a prime number?
False
Is 546510863 a composite number?
False
Is 11327936545 composite?
True
Is 23491940029 composite?
True
Is 2020880101 prime?
True
Is 8287249993 a prime number?
False
Is 1887121483 prime?
False
Is 2228186447 prime?
False
Is 230957981 composite?
False
Is 350338897 a prime number?
False
Is 62199488033 prime?
False
Is 97873395557 prime?
False
Is 789994633 a composite number?
True
Is 51974233679 prime?
True
Is 14037544643 composite?
False
Is 769666811 prime?
True
Is 22070922859 a composite number?
False
Is 1952523211 a composite number?
False
Is 4067793931 a prime number?
True
Is 9298329977 prime?
False
Is 23996555147 a composite number?
True
Is 29944474646 prime?
False
Is 148278801271 prime?
False
Is 233395273 prime?
True
Is 29293723541 composite?
False
Is 1470979157 composite?
False
Is 17594576647 prime?
True
Is 1746341939 composite?
True
Is 1134195547 a prime number?
True
Is 217774169 a composite number?
False
Is 498621373 a prime number?
False
Is 42349630519 a composite number?
True
Is 3979029577 a composite number?
True
Is 517910291 a composite number?
True
Is 13696053667 composite?
True
Is 31115633519 a composite number?
True
Is 2763055453 prime?
True
Is 11981403917 prime?
False
Is 82263229 a composite number?
False
Is 397660877 a prime number?
False
Is 42775177703 prime?
True
Is 2424210101 prime?
True
Is 20968772413 composite?
True
Is 559768773 composite?
True
Is 266790863 composite?
False
Is 26898284773 a composite number?
True
Is 35199677 a prime number?
True
Is 154670701 a composite number?
True
Is 5117874211 prime?
True
Is 20661178367 a composite number?
False
Is 424438919 a composite number?
True
Is 685369579 a prime number?
True
Is 35163300613 a composite number?
True
Is 1256824937 a composite number?
False
Is 597735119 composite?
False
Is 20506545331 a composite number?
False
Is 28648699 composite?
False
Is 464333731 a composite number?
True
Is 11416195379 prime?
False
Is 9427834201 prime?
True
Is 653091317 a prime number?
True
Is 4383778897 prime?
True
Is 101526673523 a composite number?
True
Is 769666811 a composite number?
False
Is 561609857 prime?
False
Is 35690862437 prime?
True
Is 43472356219 composite?
True
Is 4618863317 prime?
True
Is 27445619 composite?
False
Is 101759297501 prime?
False
Is 2744858287 composite?
True
Is 145226173 prime?
False
Is 79738189 prime?
False
Is 1071818117 composite?
False
Is 46292347711 composite?
True
Is 1385133881 composite?
False
Is 1341889969 composite?
True
Is 29421442937 a composite number?
True
Is 79717273 prime?
True
Is 89033955139 prime?
False
Is 62876732531 prime?
False
Is 51086671453 a composite number?
True
Is 3387223643 prime?
True
Is 19802673131 a composite number?
False
Is 71357601823 prime?
False
Is 570842449 a prime number?
True
Is 1208374417 a composite number?
True
Is 210735288743 composite?
True
Is 2154256969 a prime number?
True
Is 66137904407 a composite number?
False
Is 81883603 a prime number?
True
Is 1652530835 composite?
True
Is 710026783 composite?
False
Is 40988953123 a prime number?
True
Is 20303623045 a prime number?
False
Is 24924987161 composite?
False
Is 24289021817 a prime number?
True
Is 9031184989 a prime number?
True
Is 16707896263 composite?
False
Is 1797624597 prime?
False
Is 253441943 a composite number?
False
Is 6762842635 a composite number?
True
Is 34367316683 a composite number?
True
Is 204409438957 a composite number?
True
Is 7038834317 composite?
False
Is 2562039907 a composite number?
True
Is 1343729591 composite?
False
Is 14661696713 a prime number?
False
Is 3779696017 a composite number?
True
Is 2261936473 a prime number?
True
Is 3242075569 a composite number?
False
Is 176504744699 prime?
True
Is 645092957 a composite number?
True
Is 14616920137 prime?
True
Is 74942039533 composite?
False
Is 112793837 prime?
False
Is 269086171 composite?
False
Is 678998627 composite?
False
Is 5050796351 a composite number?
False
Is 8689435133 prime?
True
Is 69555487 composite?
True
Is 4833597751 composite?
False
Is 2354016593 prime?
True
Is 1623837047 composite?
True
Is 5382882445 composite?
True
Is 179145937 a composite number?
True
Is 20373381283 a composite number?
False
Is 32241697757 a composite number?
True
Is 1880133473 prime?
True
Is 269936869 a composite number?
False
Is 1716115931 a prime number?
False
Is 9395691917 composite?
False
Is 113537754307 a prime number?
False
Is 2295789623 prime?
True
Is 227923151 a composite number?
True
Is 22073545789 prime?
True
Is 168908783 prime?
False
Is 1449715321 prime?
True
Is 20536080127 composit